Evaluate -54 + 4 + (7 - (-2 - -8)) + 7.
-42
Evaluate (-4 - 19) + -2 + (4 - -3) + -52 + 56.
-14
What is the value of 106 - (106 - (65 + 47) - (2 + 0 + 3))?
117
Calculate (-15 - -2 - -4 - (-100 + 104)) + 18 + 96.
101
-14 - (11 + 7 + (-3 - 8)) - (-5 + 8)
-24
(72 - (-23 - -14)) + (-41 - -41)
81
Calculate 30 - (-20 + 43 - -7).
0
Calculate (-93 - (37 + -9)) + 21.
-100
What is 1 - -21 - (96 + -129 + 60)?
-5
What is the value of -5 + (0 - (-16 - (-3 + 6 + -4 + 4)))?
14
What is the value of (-52 - (-3 - -46 - 28)) + (2 - -1)?
-64
What is (55 - 2) + -57 + 44 + 2?
42
-14 + 81 + -26 - 71
-30
Calculate -25 + (50 - 103) + 62.
-16
Evaluate (193 - 112 - 36) + 0 + -27.
18
(57 - 71 - (18 + -4)) + -22
-50
-108 + 1 - (-6460 + 6423)
-70
What is 5 - ((2 - -43) + (61 - 21) + -28)?
-52
(324 - 441) + 15 + 104
2
What is the value of -1904 + 1908 + 49 + -2?
51
What is (3 + 5 - 53) + (-3 - ((-13 - 4) + 6))?
-37
2 + -2 + -3 - (-11 + -4 - 1 - 44)
57
Calculate (102 - 62) + -69 + 26.
-3
Evaluate -4 - (-27 + 36 + (69 - 6 - (-2 + 3))).
-75
Calculate -481 + 485 + (-67 - -10).
-53
What is (43 - -5) + (-505 - -369)?
-88
What is 46 + ((8 - 1) + -28 + 25 - 17)?
33
What is -40 + (-16 + 14 + -8 - -12 - 8)?
-46
What is (-2111 - -2108) + 53 + 0?
50
Calculate -18 + -19 + 22 + 102 + -7.
80
What is the value of -4 + 0 + 9 + -77 + 13 + 3?
-56
Evaluate -32 - ((-96 - -88) + (8 - 7)).
-25
What is -19 + 18 - -74 - 19 - 19?
35
What is -49 + (-67 - -141) + -81?
-56
-56 + 115 - (5 + 0 + (-1 - (0 + -2)))
53
What is (10 - -1) + (69 - (-19 + 95))?
4
What is (89 - 47) + (-6 - (1 - -3 - 7))?
39
Evaluate 21 + -19 - (28 + -4).
-22
Evaluate -49 - -25 - (17 + -28) - 57.
-70
What is the value of 6 + 29 + (-15 - (24 - 39))?
35
Evaluate (0 - -74) + -1473 + 1455.
56
-18 - (89 - 75 - -71)
-103
What is -31 - -64 - (-31 - 5)?
69
Evaluate 115 + -64 - 74 - (33 + 1).
-57
What is -7 + -4 - (8 - (-20 + 17 + 57))?
35
Evaluate 45 + -12 + -64 + 28.
-3
What is the value of 28 + -74 + 11 + 86?
51
What is -6 + (2 - 6) + -8 - (-219 - -204)?
-3
Evaluate -82 + (2 - (2 + 1)) + -6 + -3 + 5.
-87
Calculate -17 + 19 + 1 + -11 + -1 - 11.
-20
What is 0 - -7 - (32 + -12)?
-13
What is the value of 23 - (49 + -38 + 4)?
8
Evaluate (-56 - -2) + (-1 - -23 - ((24 - 42) + 29)).
-43
Calculate 28 - (82 + -30 + 3 + 3).
-30
What is (56 - 140) + 21 + 12?
-51
-25 - (0 - (-59 + 81 + -12 + 1))
-14
Calculate 9 - ((-1 - -57) + 168 + -147).
-68
Calculate (131 - 39 - -31) + (-24 - -6).
105
What is -6 - -1 - (-98 + -13 + (20 - (13 - 24)))?
75
What is 15 + 0 + -375 + 366?
6
3 + (79 - -1) - (1 + 10 + 8 + -20)
84
Evaluate (-3 - -59) + -1 + 0 + (-9 + 24 - 5).
65
What is the value of (2 + 40 - 4) + -10 + (14 - -13 - 16)?
39
-18 + -28 + 26 + (-16 - -20)
-16
Evaluate 11 + 37 + -140 + 85.
-7
What is (35 - 3) + 1 + 8 + 2 + (0 - 0)?
43
What is the value of -17 + (-33 - -20 - -14)?
-16
Evaluate 1 + (-29 - 11 - 31 - (2 - -4)).
-76
Calculate (9 - 0 - 10) + -7 + 10 + -5 + 2.
-1
Evaluate (46 + -22 - 45) + 41.
20
(983 - 980 - (2 + (-9 - 1))) + 23
34
(1 - (1 - 80)) + (15 - 127 - -112)
80
Calculate 4 + 6 + 27 - (215 - 196).
18
What is the value of -47 - (43 - (40 + 11))?
-39
Evaluate -125 + 153 - (0 + 0 + -13).
41
What is the value of -91 + -144 + 225 + 2 + (-1 - 15)?
-24
Evaluate -16 + (13 - (-7 - 6)) + -19.
-9
What is -13 + 15 - (-729 - -771)?
-40
What is -124 + (109 - 71) + 75?
-11
What is the value of (-9 + 32 - 9) + (108 - 51)?
71
Calculate 15 + -502 + 467 + (42 - -1).
23
What is the value of 616 + -840 + (76 - -17)?
-131
Evaluate 13 + (-27 - -8 - (-20 + 7)) + -18.
-11
Calculate -7 + (-4 + -4 + 5 - (-81 - -31)).
40
-43 - ((4 - 13) + (-14 - -2))
-22
What is 70 + (6 - 29) + -37?
10
Evaluate -47 + 108 + (15 - 7).
69
Calculate -548 + 470 + 9 + 2.
-67
32 + (-1 - 4) - (-14 + -4 + 17)
28
What is the value of -8 + 0 + -63 + 53 + -5?
-23
What is (-9 - -46 - (9 - 6)) + 10?
44
18 + 0 - (-11 + 9) - (-78 - -74)
24
Calculate 32 + -8 + -7 + 20 + -6 + -1.
30
What is -42 + (-33 - (-51 + -20))?
-4
Evaluate (1 + 1 - (40 + 1)) + (-6 - (48 + -52)).
-41
5 + -1 + (-23 - (-13 - 16)) - 63
-53
16 - ((45 - 6) + -17)
-6
Evaluate 34 + (6 - (14 - 11) - (12 - 0)).
25
What is (-5 - -4 - (-16 - -11)) + -10 - 38?
-44
Evaluate -22 - ((29 - 32 - (1 - 2)) + 21).
-41
Calculate 4 + -2 + 15 + -98.
-81
-46 - -46 - 13 - 22
-35
What is 64 + -89 + 53 - -1?
29
Calculate (9 - (-1 - -4)) + -75 + 44 + 13.
-12
What is -79 + -13 + (-8 - -42) + (-48 - -7)?
-99
92 - 84 - 13 - (-2 + 15)
-18
Calculate 72 + (-1 - -3) - (100 - 177 - -90).
61
What is -116 + (-28 - -80) + 61?
-3
68 - (0 - 2 - -2) - (14074 + -14090)
84
What is 0 - 3 - ((-6 - 1) + -29 + (61 - -12))?
-40
(36 - -8) + -46 + -11
-13
Evaluate 0 + -1 + -31 + 30 - (31 - (-9 + 1)).
-41
Calculate -44 + 27 + 80 - (0 - -19).
44
Evaluate (1 + 14 - (84 - (43 + 41))) + 67.
82
Evaluate (114 - 116) + (18 - 7) + 4 + -8 + 33.
38
Calculate 2 + 14 + 0 + (619 - 643) - (3 + 55).
-66
Evaluate (0 - 7) + -337 + 346 - -23 - -30.
55
Evaluate -105 - (-176 - 20) - 133.
-42
Evaluate -16 + -57 - -100 - -31.
58
What is (1 - -1) + (0 - (3 - 4)) - (3242 - 3276)?
37
What is 28 - ((-4 - -24) + -31)?
39
What is the value of -53 + 5 + (2 - 9) + 12 + 8?
-35
What is -6 + (-11 - -26) - (-7 - 4 - 25)?
45
What is -9 - (24 - (-4 + 5 + -1 + -71 + 69))?
-35
Evaluate -51 - ((-10 - ((-3 - -15 - 17) + -1)) + -4).
-43
What is the value of (7 - 6) + (10 + 5 + -4 - 14)?
-2
What is 49 + -87 + 60 - 20?
2
What is (31 + -39 - (3 - (9 + (-1 - -1)))) + -37?
-39
Calculate 178 - (-41 - -119 - -49).
51
What is (-1 - (-3 + 14)) + -1 + -5 + -3?
-21
What is the value of 3 - -26 - (-22 + 98 + -81)?
34
(7 - (4 + 0 + -5)) + -139 + 136
5
What is 27 + (-40 - (26 - 43)) - (49 + 0)?
-45
Calculate (-82 + 52 - (-13 + -1)) + 6.
-10
Calculate 27 - (92 - (155 + -139)).
-49
Calculate 80 + -7 + -74 - -31.
30
What is 19 + (0 + 0 - ((-2 - -11) + 1)) - 88?
-79
Calculate 1 + 2 - -29 - (-23 - (-43 - -16)).
28
Calculate (43 - 89) + 52 + -1 + -22.
-17
-2 + -9 - (3 + 11) - 12
-37
(87 + -12 - 130) + -9
-64
Evaluate -63 + 50 + -26 - 6.
-45
-4 - 40 - -11 - -82
49
Evaluate -33 + 102 + -41 + -10.
18
What is the value of 26 + 1 + 1 - (-12 + -69 + 74)?
35
What is the value of (-8329 - -8307) + 1 + 65 + -1?
43
What is the value of 306 - (141 - -11) - 262?
-108
Calculate -111 + -76 + 116 + 24.
-47
What is the value of (-67 - (-98 + -41)) + 67?
139
What is the value of 125 + -133 + (0 - -6 - -8)?
6
What is the value of -83 - -19 - -54 - (4 + -2 - 92)?
80
What is the value of (-46 - 0) + -138 + 155 - 9?
-38
Evaluate 34 + -1 + -27 + -24.
-18
What is the value of 1 + -69 - (625 - 652)?
-41
What is 24 + (50 - 148) + 106?
32
What is the value of 7 + -43 - (9 - 21)?
-24
Evaluate (-7 - -7) + (1 - -38) - (34 + -38).
43
-57 - (140 + -181) - (-1 + -55)
40
What is (-25 - (31 - (-15 + 35))) + 109?
73
What is the value of 5 + 5 - (-12 + -7 - 64 - 17)?
110
What is -4712 - -4659 - (-24 + 0)?
-29
What is (-8 - 1) + (-89 - -101) - (4 + 116)?
-117
What is (-28 - -3) + (16 - (81 - 37))?
-53
Evaluate -9 + (87 - (-40 + 10 - -18)) - 14.
76
14 - (26 + (-16 - -47))
-43
Calculate 10 - ((-1 - (2 + 1)) + -47 + 18 + -18).
61
Calculate (-6 - 23) + 66 + -49.
-12
Calculate (-41 - 93) + (-101 - -162).
-73
What is the value of 12 + (-10 - ((8 + -1 - 10) + (-14 - -1)))?
18
What is the value of 56 + -55 - 125 - (-11 + 2 + -1)?
-114
Calculate 0 + 0 + (3311 + -3239 - (10 + -1)).
63
Evaluate 3 - 1 - (-35 + -4 - (66 + -95)).
12
What is the value of (19 + 17 - -67) + 5 + -31?
77
What is the value of 1 - 36 - ((-46 - (-63 + 26)) + -2 + -1)?
-23
What is -1 + (-32 - (11 + -32)) + (-3 + 5 - 108)?
-118
What is -48 + -2 + 2 + (194 + 187 - 367)?
-34
What is the value of -27 + (180 + -87 - 141)?
-75
-24 + (-21 - -6) + (35 - 14) + -10
-28
(-546 - -505) + (0 - -11) + -3 + -2
-35
Calculate -2 + -8 + 1 + (173 - 169 - (4 + 1)).
-10
Evaluate 54 - (39 + -52 + 25).
42
Calculate 45 + -38 - (-12 - 11 - -13).
17
Calculate -38 + 19 + (-1 - 6) + 68.
42
(-3 - 1) + (-22 + -8 + 28 - -45 - 23)
16
What is the value of 33 - (32 + 9) - (-30 + 4)?
18
Calculate (-4 - 7) + -2 - (-31 + -50 + 33).
35
Calculate 8 - ((6 - (-8 + 7)) + (1 - -40)).
-40
What is the value of 174 + (-82 - 19) - -12?
85
What is the value of -7 + (6 - 7) + -3 + (56 - 31)?
14
19 + -1 + 42 + -16 + (-90 - -2)
-44
(4 - 24 - (1 - -1)) + (10 + 9 - 20)